alculate the remainder when 108 is divided by 103.
5
What is the remainder when 1191 is divided by 81?
57
Calculate the remainder when 1923 is divided by 25.
23
What is the remainder when 152 is divided by 11?
9
Calculate the remainder when 297 is divided by 97.
6
Calculate the remainder when 58 is divided by 14.
2
Calculate the remainder when 291 is divided by 98.
95
What is the remainder when 536 is divided by 46?
30
Calculate the remainder when 1277 is divided by 8.
5
Calculate the remainder when 138 is divided by 41.
15
Calculate the remainder when 166 is divided by 56.
54
What is the remainder when 104 is divided by 55?
49
What is the remainder when 329 is divided by 301?
28
Calculate the remainder when 411 is divided by 29.
5
Calculate the remainder when 195 is divided by 24.
3
Calculate the remainder when 1271 is divided by 60.
11
Calculate the remainder when 4196 is divided by 28.
24
Calculate the remainder when 58 is divided by 18.
4
Calculate the remainder when 1105 is divided by 58.
3
What is the remainder when 13786 is divided by 18?
16
What is the remainder when 1233 is divided by 65?
63
What is the remainder when 75 is divided by 20?
15
Calculate the remainder when 214 is divided by 5.
4
What is the remainder when 1423 is divided by 45?
28
Calculate the remainder when 34 is divided by 17.
0
Calculate the remainder when 35 is divided by 10.
5
Calculate the remainder when 258 is divided by 14.
6
Calculate the remainder when 655 is divided by 60.
55
What is the remainder when 124 is divided by 71?
53
Calculate the remainder when 11 is divided by 9.
2
Calculate the remainder when 78 is divided by 75.
3
What is the remainder when 1454 is divided by 1435?
19
Calculate the remainder when 415 is divided by 78.
25
What is the remainder when 340 is divided by 103?
31
What is the remainder when 501 is divided by 160?
21
Calculate the remainder when 769 is divided by 22.
21
Calculate the remainder when 1693 is divided by 843.
7
What is the remainder when 146 is divided by 51?
44
What is the remainder when 967 is divided by 162?
157
What is the remainder when 236 is divided by 92?
52
Calculate the remainder when 913 is divided by 454.
5
Calculate the remainder when 752 is divided by 85.
72
What is the remainder when 95 is divided by 10?
5
What is the remainder when 1011 is divided by 78?
75
What is the remainder when 1146 is divided by 41?
39
What is the remainder when 967 is divided by 82?
65
What is the remainder when 8033 is divided by 98?
95
Calculate the remainder when 1541 is divided by 45.
11
What is the remainder when 462 is divided by 93?
90
What is the remainder when 612 is divided by 47?
1
Calculate the remainder when 1181 is divided by 27.
20
What is the remainder when 709 is divided by 173?
17
Calculate the remainder when 153 is divided by 65.
23
What is the remainder when 308 is divided by 115?
78
What is the remainder when 557 is divided by 68?
13
What is the remainder when 145 is divided by 93?
52
Calculate the remainder when 10799 is divided by 225.
224
What is the remainder when 661 is divided by 8?
5
What is the remainder when 71 is divided by 42?
29
What is the remainder when 36715 is divided by 72?
67
What is the remainder when 188 is divided by 95?
93
Calculate the remainder when 1978 is divided by 110.
108
What is the remainder when 807 is divided by 306?
195
Calculate the remainder when 458 is divided by 21.
17
Calculate the remainder when 987 is divided by 87.
30
Calculate the remainder when 74 is divided by 12.
2
Calculate the remainder when 373 is divided by 17.
16
Calculate the remainder when 237 is divided by 34.
33
What is the remainder when 4264 is divided by 17?
14
What is the remainder when 360 is divided by 123?
114
Calculate the remainder when 278 is divided by 40.
38
Calculate the remainder when 873 is divided by 219.
216
Calculate the remainder when 442 is divided by 123.
73
Calculate the remainder when 6993 is divided by 159.
156
Calculate the remainder when 30251 is divided by 14.
11
Calculate the remainder when 1747 is divided by 159.
157
What is the remainder when 1042 is divided by 333?
43
What is the remainder when 637 is divided by 29?
28
Calculate the remainder when 2363 is divided by 197.
196
What is the remainder when 108 is divided by 37?
34
What is the remainder when 937 is divided by 47?
44
What is the remainder when 61 is divided by 4?
1
Calculate the remainder when 349 is divided by 57.
7
Calculate the remainder when 132 is divided by 8.
4
Calculate the remainder when 20 is divided by 8.
4
Calculate the remainder when 357 is divided by 8.
5
What is the remainder when 1156 is divided by 358?
82
What is the remainder when 82 is divided by 21?
19
Calculate the remainder when 658 is divided by 2.
0
What is the remainder when 873 is divided by 23?
22
Calculate the remainder when 2952 is divided by 109.
9
What is the remainder when 53 is divided by 46?
7
What is the remainder when 13136 is divided by 151?
150
Calculate the remainder when 152 is divided by 43.
23
What is the remainder when 206 is divided by 26?
24
Calculate the remainder when 3322 is divided by 175.
172
Calculate the remainder when 334 is divided by 26.
22
What is the remainder when 111 is divided by 14?
13
What is the remainder when 2398 is divided by 25?
23
Calculate the remainder when 196 is divided by 106.
90
Calculate the remainder when 42 is divided by 13.
3
Calculate the remainder when 201 is divided by 60.
21
What is the remainder when 2158 is divided by 30?
28
Calculate the remainder when 99 is divided by 13.
8
What is the remainder when 935 is divided by 118?
109
Calculate the remainder when 27 is divided by 5.
2
What is the remainder when 488 is divided by 29?
24
What is the remainder when 217 is divided by 3?
1
Calculate the remainder when 117 is divided by 20.
17
Calculate the remainder when 577 is divided by 140.
17
What is the remainder when 2315 is divided by 16?
11
What is the remainder when 365 is divided by 130?
105
What is the remainder when 428 is divided by 172?
84
Calculate the remainder when 209 is divided by 44.
33
Calculate the remainder when 350 is divided by 51.
44
Calculate the remainder when 119 is divided by 43.
33
What is the remainder when 77 is divided by 34?
9
What is the remainder when 377 is divided by 21?
20
Calculate the remainder when 126 is divided by 100.
26
What is the remainder when 1374 is divided by 45?
24
Calculate the remainder when 3310 is divided by 18.
16
What is the remainder when 126 is divided by 9?
0
Calculate the remainder when 325 is divided by 111.
103
What is the remainder when 499 is divided by 234?
31
What is the remainder when 1678 is divided by 369?
202
Calculate the remainder when 430 is divided by 31.
27
Calculate the remainder when 306 is divided by 14.
12
Calculate the remainder when 1024 is divided by 66.
34
What is the remainder when 4658 is divided by 111?
107
What is the remainder when 1183 is divided by 37?
36
What is the remainder when 556 is divided by 505?
51
What is the remainder when 728 is divided by 27?
26
Calculate the remainder when 428 is divided by 141.
5
What is the remainder when 565 is divided by 63?
61
Calculate the remainder when 130 is divided by 14.
4
What is the remainder when 551 is divided by 90?
11
Calculate the remainder when 40305 is divided by 17.
15
What is the remainder when 40 is divided by 17?
6
What is the remainder when 3759 is divided by 70?
49
Calculate the remainder when 68 is divided by 9.
5
What is the remainder when 87 is divided by 32?
23
Calculate the remainder when 840 is divided by 29.
28
What is the remainder when 2720 is divided by 171?
155
Calculate the remainder when 314 is divided by 155.
4
Calculate the remainder when 356 is divided by 89.
0
What is the remainder when 3632 is divided by 18?
14
What is the remainder when 1455 is divided by 477?
24
What is the remainder when 3026 is divided by 3016?
10
What is the remainder when 3586 is divided by 78?
76
What is the remainder when 179 is divided by 49?
32
What is the remainder when 7202 is divided by 81?
74
Calculate the remainder when 6960 is divided by 6.
0
Calculate the remainder when 261 is divided by 103.
55
Calculate the remainder when 164 is divided by 24